{"id":258,"date":"2023-07-02T12:15:59","date_gmt":"2023-07-02T10:15:59","guid":{"rendered":"https:\/\/melen.ch\/?page_id=258"},"modified":"2023-07-10T18:31:01","modified_gmt":"2023-07-10T16:31:01","slug":"musik","status":"publish","type":"page","link":"https:\/\/melen.ch\/?page_id=258","title":{"rendered":"Musik"},"content":{"rendered":"\n<h2 class=\"wp-block-heading\">Musik machen<\/h2>\n\n\n\n<p class=\"has-text-align-center\">Ich spiele seit 6 Jahren Waldhorn. An diesem Instrument gef\u00e4llt mir der sch\u00f6ne, warme Klang. Anschliessend ein Foto von diesem tollen Instrument.<\/p>\n\n\n<div class=\"wp-block-image\">\n<figure class=\"aligncenter size-large\"><img loading=\"lazy\" decoding=\"async\" width=\"1024\" height=\"672\" src=\"https:\/\/melen.ch\/wp-content\/uploads\/2023\/06\/IMG_0914-1024x672.jpeg\" alt=\"\" class=\"wp-image-211\" srcset=\"https:\/\/melen.ch\/wp-content\/uploads\/2023\/06\/IMG_0914-1024x672.jpeg 1024w, https:\/\/melen.ch\/wp-content\/uploads\/2023\/06\/IMG_0914-300x197.jpeg 300w, https:\/\/melen.ch\/wp-content\/uploads\/2023\/06\/IMG_0914-768x504.jpeg 768w, https:\/\/melen.ch\/wp-content\/uploads\/2023\/06\/IMG_0914-1536x1008.jpeg 1536w, https:\/\/melen.ch\/wp-content\/uploads\/2023\/06\/IMG_0914-2048x1344.jpeg 2048w\" sizes=\"auto, (max-width: 1024px) 100vw, 1024px\" \/><\/figure>\n<\/div>\n\n\n<p><\/p>\n\n\n\n<h2 class=\"wp-block-heading\">Musik h\u00f6ren<\/h2>\n\n\n\n<p class=\"has-text-align-center\">Musik geh\u00f6rt bei mir einfach dazu. Zur Zeit h\u00f6re ich sehr gerne:<\/p>\n\n\n\n<div class=\"wp-block-columns are-vertically-aligned-top is-layout-flex wp-container-core-columns-is-layout-9d6595d7 wp-block-columns-is-layout-flex\">\n<div class=\"wp-block-column is-vertically-aligned-top is-layout-flow wp-block-column-is-layout-flow\"><\/div>\n\n\n\n<div class=\"wp-block-column is-vertically-aligned-top is-layout-flow wp-block-column-is-layout-flow\">\n<ul class=\"wp-block-list\">\n<li>Rap\n<ul class=\"wp-block-list\">\n<li>Eminem<\/li>\n\n\n\n<li>Snoop Dogg<\/li>\n\n\n\n<li>Dr. Dre<\/li>\n<\/ul>\n<\/li>\n\n\n\n<li>Pop\n<ul class=\"wp-block-list\">\n<li>Rihanna<\/li>\n\n\n\n<li>The Weekend<\/li>\n<\/ul>\n<\/li>\n<\/ul>\n<\/div>\n\n\n\n<div class=\"wp-block-column is-vertically-aligned-top is-layout-flow wp-block-column-is-layout-flow\"><\/div>\n<\/div>\n\n\n\n<ul class=\"wp-block-list\"><\/ul>\n","protected":false},"excerpt":{"rendered":"<p>Musik machen Ich spiele seit 6 Jahren Waldhorn. An diesem Instrument gef\u00e4llt mir der sch\u00f6ne, warme Klang. Anschliessend ein Foto von diesem tollen Instrument. Musik h\u00f6ren Musik geh\u00f6rt bei mir einfach dazu. Zur Zeit h\u00f6re ich sehr gerne:<\/p>\n<div class=\"more-link\">\n\t\t\t\t\t <a href=\"https:\/\/melen.ch\/?page_id=258\" class=\"link-btn theme-btn\"><span>Read More <\/span> <i class=\"fa fa-caret-right\"><\/i><\/a>\n\t\t\t\t<\/div>\n","protected":false},"author":1,"featured_media":0,"parent":255,"menu_order":0,"comment_status":"closed","ping_status":"closed","template":"","meta":{"_mc_calendar":[],"footnotes":""},"class_list":["post-258","page","type-page","status-publish","hentry"],"_links":{"self":[{"href":"https:\/\/melen.ch\/index.php?rest_route=\/wp\/v2\/pages\/258","targetHints":{"allow":["GET"]}}],"collection":[{"href":"https:\/\/melen.ch\/index.php?rest_route=\/wp\/v2\/pages"}],"about":[{"href":"https:\/\/melen.ch\/index.php?rest_route=\/wp\/v2\/types\/page"}],"author":[{"embeddable":true,"href":"https:\/\/melen.ch\/index.php?rest_route=\/wp\/v2\/users\/1"}],"replies":[{"embeddable":true,"href":"https:\/\/melen.ch\/index.php?rest_route=%2Fwp%2Fv2%2Fcomments&post=258"}],"version-history":[{"count":14,"href":"https:\/\/melen.ch\/index.php?rest_route=\/wp\/v2\/pages\/258\/revisions"}],"predecessor-version":[{"id":409,"href":"https:\/\/melen.ch\/index.php?rest_route=\/wp\/v2\/pages\/258\/revisions\/409"}],"up":[{"embeddable":true,"href":"https:\/\/melen.ch\/index.php?rest_route=\/wp\/v2\/pages\/255"}],"wp:attachment":[{"href":"https:\/\/melen.ch\/index.php?rest_route=%2Fwp%2Fv2%2Fmedia&parent=258"}],"curies":[{"name":"wp","href":"https:\/\/api.w.org\/{rel}","templated":true}]}}